{"id":343,"date":"2024-10-26T10:13:14","date_gmt":"2024-10-26T10:13:14","guid":{"rendered":"https:\/\/prueba.pradifir.com\/?page_id=343"},"modified":"2025-04-16T11:54:51","modified_gmt":"2025-04-16T11:54:51","slug":"consultoria-y-trabajos-forestales","status":"publish","type":"page","link":"https:\/\/www.pradifir.com\/?page_id=343","title":{"rendered":"Consultor\u00eda y trabajos forestales"},"content":{"rendered":"<p>[et_pb_section fb_built=\u00bb1&#8243; admin_label=\u00bbPotada\u00bb _builder_version=\u00bb4.24.2&#8243; _module_preset=\u00bbdefault\u00bb use_background_color_gradient=\u00bbon\u00bb background_color_gradient_stops=\u00bbrgba(0,0,0,0.1) 0%|rgba(0,0,0,0.6) 100%\u00bb background_color_gradient_overlays_image=\u00bbon\u00bb background_image=\u00bbhttps:\/\/www.pradifir.com\/wp-content\/uploads\/2024\/10\/campo-cielo-azul-pradifir1920x1280.jpg\u00bb background_enable_video_mp4=\u00bboff\u00bb min_height_tablet=\u00bb\u00bb min_height_phone=\u00bb100vh\u00bb min_height_last_edited=\u00bbon|phone\u00bb height=\u00bb100vh\u00bb custom_padding=\u00bb30vh||30vh||true|false\u00bb animation_style=\u00bbfade\u00bb global_colors_info=\u00bb{}\u00bb][et_pb_row _builder_version=\u00bb4.21.0&#8243; _module_preset=\u00bbdefault\u00bb positioning=\u00bbabsolute\u00bb position_origin_a=\u00bbbottom_center\u00bb vertical_offset=\u00bb100px\u00bb global_colors_info=\u00bb{}\u00bb][et_pb_column type=\u00bb4_4&#8243; _builder_version=\u00bb4.21.0&#8243; _module_preset=\u00bbdefault\u00bb global_colors_info=\u00bb{}\u00bb][et_pb_text admin_label=\u00bbConsultor\u00eda y trabajos forestales\u00bb _builder_version=\u00bb4.24.2&#8243; _module_preset=\u00bbdefault\u00bb header_font=\u00bb|600|||||||\u00bb header_text_color=\u00bb#FFFFFF\u00bb header_font_size=\u00bb74px\u00bb header_letter_spacing=\u00bb-2px\u00bb max_width=\u00bb100%\u00bb animation_style=\u00bbslide\u00bb animation_direction=\u00bbbottom\u00bb animation_delay=\u00bb1400ms\u00bb animation_intensity_slide=\u00bb5%\u00bb header_font_size_tablet=\u00bb54px\u00bb header_font_size_phone=\u00bb36px\u00bb header_font_size_last_edited=\u00bbon|phone\u00bb module_alignment_tablet=\u00bb\u00bb module_alignment_phone=\u00bb\u00bb module_alignment_last_edited=\u00bbon|phone\u00bb header_text_shadow_style=\u00bbpreset5&#8243; header_text_shadow_horizontal_length=\u00bb0.04em\u00bb header_text_shadow_vertical_length=\u00bb0.04em\u00bb global_colors_info=\u00bb{}\u00bb]<\/p>\n<h1>Consultor\u00eda y trabajos forestales<\/h1>\n<p>[\/et_pb_text][\/et_pb_column][\/et_pb_row][\/et_pb_section][et_pb_section fb_built=\u00bb1&#8243; _builder_version=\u00bb4.23.4&#8243; _module_preset=\u00bbdefault\u00bb background_color=\u00bb#F3F2ED\u00bb custom_padding=\u00bb80px||100px||false|false\u00bb global_colors_info=\u00bb{}\u00bb][et_pb_row _builder_version=\u00bb4.23.4&#8243; _module_preset=\u00bbdefault\u00bb custom_padding=\u00bb||40px||false|false\u00bb global_colors_info=\u00bb{}\u00bb][et_pb_column type=\u00bb4_4&#8243; _builder_version=\u00bb4.23.4&#8243; _module_preset=\u00bbdefault\u00bb global_colors_info=\u00bb{}\u00bb][et_pb_text admin_label=\u00bbConsultor\u00eda y Trabajos Forestales\u00bb _builder_version=\u00bb4.23.4&#8243; _module_preset=\u00bbdefault\u00bb header_2_font=\u00bb|600|||||||\u00bb header_2_font_size=\u00bb32px\u00bb header_2_letter_spacing=\u00bb-1px\u00bb header_2_line_height=\u00bb1.2em\u00bb custom_margin=\u00bb-40px||||false|false\u00bb animation_style=\u00bbfade\u00bb animation_delay=\u00bb300ms\u00bb global_colors_info=\u00bb{}\u00bb]<\/p>\n<h2>Consultor\u00eda y Trabajos Forestales<\/h2>\n<p>[\/et_pb_text][\/et_pb_column][\/et_pb_row][et_pb_row column_structure=\u00bb1_4,1_4,1_4,1_4&#8243; use_custom_gutter=\u00bbon\u00bb gutter_width=\u00bb2&#8243; make_equal=\u00bbon\u00bb _builder_version=\u00bb4.23.4&#8243; _module_preset=\u00bbdefault\u00bb global_colors_info=\u00bb{}\u00bb][et_pb_column type=\u00bb1_4&#8243; _builder_version=\u00bb4.23.4&#8243; _module_preset=\u00bbdefault\u00bb animation_style=\u00bbfade\u00bb animation_delay=\u00bb400ms\u00bb global_colors_info=\u00bb{}\u00bb][et_pb_blurb title=\u00bbProyectos de Ordenaci\u00f3n\u00bb image=\u00bbhttps:\/\/www.pradifir.com\/wp-content\/uploads\/2024\/01\/borrar-monte600x800.jpg\u00bb alt=\u00bbborrar-cereales(600&#215;800)\u00bb admin_label=\u00bbProyectos de Ordenaci\u00f3n\u00bb _builder_version=\u00bb4.27.4&#8243; _module_preset=\u00bbdefault\u00bb header_level=\u00bbh3&#8243; header_font=\u00bb|600|||||||\u00bb header_font_size=\u00bb22px\u00bb header_line_height=\u00bb1.1em\u00bb body_line_height=\u00bb1.5em\u00bb hover_enabled=\u00bb0&#8243; custom_css_free_form=\u00bb.et_pb_main_blurb_image img {||border-radius: 20px;||}||||.et_pb_module_header {||border-radius: 20px;||}||\u00bb custom_css_blurb_title=\u00bbpadding-bottom:15px;\u00bb global_colors_info=\u00bb{}\u00bb text_orientation=\u00bbjustified\u00bb sticky_enabled=\u00bb0&#8243;]Redacci\u00f3n de Proyectos de Ordenaci\u00f3n de Montes, Planes de gesti\u00f3n forestal, Planes T\u00e9cnicos de Caza y Planes de Prevenci\u00f3n de Incendios Forestales.[\/et_pb_blurb][\/et_pb_column][et_pb_column type=\u00bb1_4&#8243; _builder_version=\u00bb4.23.4&#8243; _module_preset=\u00bbdefault\u00bb animation_style=\u00bbfade\u00bb animation_delay=\u00bb500ms\u00bb global_colors_info=\u00bb{}\u00bb][et_pb_blurb title=\u00bbTramitaci\u00f3n de expedientes y ejecuci\u00f3n de obras\u00bb image=\u00bbhttps:\/\/www.pradifir.com\/wp-content\/uploads\/2025\/04\/work-2539957_1280.png\u00bb alt=\u00bbborrar-cereales(600&#215;800)\u00bb admin_label=\u00bbTramitaci\u00f3n de expedientes\u00bb _builder_version=\u00bb4.27.4&#8243; _module_preset=\u00bbdefault\u00bb header_level=\u00bbh3&#8243; header_font=\u00bb|600|||||||\u00bb header_font_size=\u00bb22px\u00bb header_line_height=\u00bb1.1em\u00bb body_line_height=\u00bb1.5em\u00bb hover_enabled=\u00bb0&#8243; custom_css_free_form=\u00bb.et_pb_main_blurb_image img {||border-radius: 20px;||}||||.et_pb_module_header {||border-radius: 20px;||}||\u00bb custom_css_blurb_title=\u00bbpadding-bottom:15px;\u00bb global_colors_info=\u00bb{}\u00bb text_orientation=\u00bbjustified\u00bb sticky_enabled=\u00bb0&#8243;]<\/p>\n<p>Tramitaci\u00f3n y ejecuci\u00f3n de expedientes de subvenciones y ayudas con fondos europeos a la modernizaci\u00f3n de explotaciones, ayudas forestales y otras convocatorias.<\/p>\n<p>[\/et_pb_blurb][\/et_pb_column][et_pb_column type=\u00bb1_4&#8243; _builder_version=\u00bb4.23.4&#8243; _module_preset=\u00bbdefault\u00bb animation_style=\u00bbfade\u00bb animation_delay=\u00bb600ms\u00bb global_colors_info=\u00bb{}\u00bb][et_pb_blurb title=\u00bbGesti\u00f3n y certificados\u00bb image=\u00bbhttps:\/\/www.pradifir.com\/wp-content\/uploads\/2025\/04\/pefc-logo-1.png\u00bb alt=\u00bbborrar-cereales(600&#215;800)\u00bb admin_label=\u00bbGesti\u00f3n y certificados\u00bb _builder_version=\u00bb4.27.4&#8243; _module_preset=\u00bbdefault\u00bb header_level=\u00bbh3&#8243; header_font=\u00bb|600|||||||\u00bb header_font_size=\u00bb22px\u00bb header_line_height=\u00bb1.1em\u00bb body_line_height=\u00bb1.5em\u00bb hover_enabled=\u00bb0&#8243; custom_css_free_form=\u00bb.et_pb_main_blurb_image img {||border-radius: 20px;||}||||.et_pb_module_header {||border-radius: 20px;||}||\u00bb custom_css_blurb_title=\u00bbpadding-bottom:15px;\u00bb global_colors_info=\u00bb{}\u00bb text_orientation=\u00bbjustified\u00bb sticky_enabled=\u00bb0&#8243;]<\/p>\n<p>Gesti\u00f3n de montes certificados FSC y PEFC.<\/p>\n<p>[\/et_pb_blurb][\/et_pb_column][et_pb_column type=\u00bb1_4&#8243; _builder_version=\u00bb4.23.4&#8243; _module_preset=\u00bbdefault\u00bb animation_style=\u00bbfade\u00bb animation_delay=\u00bb700ms\u00bb global_colors_info=\u00bb{}\u00bb][et_pb_blurb title=\u00bbRedacci\u00f3n de proyectos y tramitaci\u00f3n de licencias\u00bb image=\u00bbhttps:\/\/www.pradifir.com\/wp-content\/uploads\/2025\/04\/office-594132_1280.png\u00bb alt=\u00bbborrar-cereales(600&#215;800)\u00bb admin_label=\u00bbRedacci\u00f3n de proyectos\u00bb _builder_version=\u00bb4.27.4&#8243; _module_preset=\u00bbdefault\u00bb header_level=\u00bbh3&#8243; header_font=\u00bb|600|||||||\u00bb header_font_size=\u00bb22px\u00bb header_line_height=\u00bb1.1em\u00bb body_line_height=\u00bb1.5em\u00bb hover_enabled=\u00bb0&#8243; custom_css_free_form=\u00bb.et_pb_main_blurb_image img {||border-radius: 20px;||}||||.et_pb_module_header {||border-radius: 20px;||}||\u00bb custom_css_blurb_title=\u00bbpadding-bottom:15px;\u00bb global_colors_info=\u00bb{}\u00bb text_orientation=\u00bbjustified\u00bb sticky_enabled=\u00bb0&#8243;]<\/p>\n<p>Redacci\u00f3n de proyectos de ejecuci\u00f3n de obras, tramitaci\u00f3n de licencias, valoraciones de fincas e informes periciales.<\/p>\n<p>[\/et_pb_blurb][\/et_pb_column][\/et_pb_row][\/et_pb_section]<\/p>\n","protected":false},"excerpt":{"rendered":"<p>Consultor\u00eda y trabajos forestalesConsultor\u00eda y Trabajos ForestalesRedacci\u00f3n de Proyectos de Ordenaci\u00f3n de Montes, Planes de gesti\u00f3n forestal, Planes T\u00e9cnicos de Caza y Planes de Prevenci\u00f3n de Incendios Forestales.Tramitaci\u00f3n y ejecuci\u00f3n de expedientes de subvenciones y ayudas con fondos europeos a la modernizaci\u00f3n de explotaciones, ayudas forestales y otras convocatorias.Gesti\u00f3n de montes certificados FSC y PEFC.Redacci\u00f3n [&hellip;]<\/p>\n","protected":false},"author":3,"featured_media":0,"parent":0,"menu_order":0,"comment_status":"closed","ping_status":"closed","template":"","meta":{"_et_pb_use_builder":"on","_et_pb_old_content":"","_et_gb_content_width":"","footnotes":""},"class_list":["post-343","page","type-page","status-publish","hentry"],"yoast_head":"<!-- This site is optimized with the Yoast SEO plugin v25.1 - https:\/\/yoast.com\/wordpress\/plugins\/seo\/ -->\n<title>Consultor\u00eda y trabajos forestales | Pradifir<\/title>\n<meta name=\"robots\" content=\"index, follow, max-snippet:-1, max-image-preview:large, max-video-preview:-1\" \/>\n<link rel=\"canonical\" href=\"https:\/\/www.pradifir.com\/?page_id=343\" \/>\n<meta property=\"og:locale\" content=\"es_ES\" \/>\n<meta property=\"og:type\" content=\"article\" \/>\n<meta property=\"og:title\" content=\"Consultor\u00eda y trabajos forestales | Pradifir\" \/>\n<meta property=\"og:description\" content=\"Consultor\u00eda y trabajos forestalesConsultor\u00eda y Trabajos ForestalesRedacci\u00f3n de Proyectos de Ordenaci\u00f3n de Montes, Planes de gesti\u00f3n forestal, Planes T\u00e9cnicos de Caza y Planes de Prevenci\u00f3n de Incendios Forestales.Tramitaci\u00f3n y ejecuci\u00f3n de expedientes de subvenciones y ayudas con fondos europeos a la modernizaci\u00f3n de explotaciones, ayudas forestales y otras convocatorias.Gesti\u00f3n de montes certificados FSC y PEFC.Redacci\u00f3n [&hellip;]\" \/>\n<meta property=\"og:url\" content=\"https:\/\/www.pradifir.com\/?page_id=343\" \/>\n<meta property=\"og:site_name\" content=\"Pradifir\" \/>\n<meta property=\"article:modified_time\" content=\"2025-04-16T11:54:51+00:00\" \/>\n<meta name=\"twitter:card\" content=\"summary_large_image\" \/>\n<meta name=\"twitter:label1\" content=\"Tiempo de lectura\" \/>\n\t<meta name=\"twitter:data1\" content=\"2 minutos\" \/>\n<script type=\"application\/ld+json\" class=\"yoast-schema-graph\">{\"@context\":\"https:\/\/schema.org\",\"@graph\":[{\"@type\":\"WebPage\",\"@id\":\"https:\/\/www.pradifir.com\/?page_id=343\",\"url\":\"https:\/\/www.pradifir.com\/?page_id=343\",\"name\":\"Consultor\u00eda y trabajos forestales | Pradifir\",\"isPartOf\":{\"@id\":\"https:\/\/www.pradifir.com\/#website\"},\"datePublished\":\"2024-10-26T10:13:14+00:00\",\"dateModified\":\"2025-04-16T11:54:51+00:00\",\"breadcrumb\":{\"@id\":\"https:\/\/www.pradifir.com\/?page_id=343#breadcrumb\"},\"inLanguage\":\"es\",\"potentialAction\":[{\"@type\":\"ReadAction\",\"target\":[\"https:\/\/www.pradifir.com\/?page_id=343\"]}]},{\"@type\":\"BreadcrumbList\",\"@id\":\"https:\/\/www.pradifir.com\/?page_id=343#breadcrumb\",\"itemListElement\":[{\"@type\":\"ListItem\",\"position\":1,\"name\":\"Portada\",\"item\":\"https:\/\/www.pradifir.com\/\"},{\"@type\":\"ListItem\",\"position\":2,\"name\":\"Consultor\u00eda y trabajos forestales\"}]},{\"@type\":\"WebSite\",\"@id\":\"https:\/\/www.pradifir.com\/#website\",\"url\":\"https:\/\/www.pradifir.com\/\",\"name\":\"Pradifir\",\"description\":\"Comercializamos todo tipo de cereales, abonos y semillas, y contamos con un gabinete de consultor\u00eda e ingenier\u00eda para el asesoramiento, gesti\u00f3n y direcci\u00f3n de fincas.\",\"alternateName\":\"Pradifir\",\"potentialAction\":[{\"@type\":\"SearchAction\",\"target\":{\"@type\":\"EntryPoint\",\"urlTemplate\":\"https:\/\/www.pradifir.com\/?s={search_term_string}\"},\"query-input\":{\"@type\":\"PropertyValueSpecification\",\"valueRequired\":true,\"valueName\":\"search_term_string\"}}],\"inLanguage\":\"es\"}]}<\/script>\n<!-- \/ Yoast SEO plugin. -->","yoast_head_json":{"title":"Consultor\u00eda y trabajos forestales | Pradifir","robots":{"index":"index","follow":"follow","max-snippet":"max-snippet:-1","max-image-preview":"max-image-preview:large","max-video-preview":"max-video-preview:-1"},"canonical":"https:\/\/www.pradifir.com\/?page_id=343","og_locale":"es_ES","og_type":"article","og_title":"Consultor\u00eda y trabajos forestales | Pradifir","og_description":"Consultor\u00eda y trabajos forestalesConsultor\u00eda y Trabajos ForestalesRedacci\u00f3n de Proyectos de Ordenaci\u00f3n de Montes, Planes de gesti\u00f3n forestal, Planes T\u00e9cnicos de Caza y Planes de Prevenci\u00f3n de Incendios Forestales.Tramitaci\u00f3n y ejecuci\u00f3n de expedientes de subvenciones y ayudas con fondos europeos a la modernizaci\u00f3n de explotaciones, ayudas forestales y otras convocatorias.Gesti\u00f3n de montes certificados FSC y PEFC.Redacci\u00f3n [&hellip;]","og_url":"https:\/\/www.pradifir.com\/?page_id=343","og_site_name":"Pradifir","article_modified_time":"2025-04-16T11:54:51+00:00","twitter_card":"summary_large_image","twitter_misc":{"Tiempo de lectura":"2 minutos"},"schema":{"@context":"https:\/\/schema.org","@graph":[{"@type":"WebPage","@id":"https:\/\/www.pradifir.com\/?page_id=343","url":"https:\/\/www.pradifir.com\/?page_id=343","name":"Consultor\u00eda y trabajos forestales | Pradifir","isPartOf":{"@id":"https:\/\/www.pradifir.com\/#website"},"datePublished":"2024-10-26T10:13:14+00:00","dateModified":"2025-04-16T11:54:51+00:00","breadcrumb":{"@id":"https:\/\/www.pradifir.com\/?page_id=343#breadcrumb"},"inLanguage":"es","potentialAction":[{"@type":"ReadAction","target":["https:\/\/www.pradifir.com\/?page_id=343"]}]},{"@type":"BreadcrumbList","@id":"https:\/\/www.pradifir.com\/?page_id=343#breadcrumb","itemListElement":[{"@type":"ListItem","position":1,"name":"Portada","item":"https:\/\/www.pradifir.com\/"},{"@type":"ListItem","position":2,"name":"Consultor\u00eda y trabajos forestales"}]},{"@type":"WebSite","@id":"https:\/\/www.pradifir.com\/#website","url":"https:\/\/www.pradifir.com\/","name":"Pradifir","description":"Comercializamos todo tipo de cereales, abonos y semillas, y contamos con un gabinete de consultor\u00eda e ingenier\u00eda para el asesoramiento, gesti\u00f3n y direcci\u00f3n de fincas.","alternateName":"Pradifir","potentialAction":[{"@type":"SearchAction","target":{"@type":"EntryPoint","urlTemplate":"https:\/\/www.pradifir.com\/?s={search_term_string}"},"query-input":{"@type":"PropertyValueSpecification","valueRequired":true,"valueName":"search_term_string"}}],"inLanguage":"es"}]}},"_links":{"self":[{"href":"https:\/\/www.pradifir.com\/index.php?rest_route=\/wp\/v2\/pages\/343","targetHints":{"allow":["GET"]}}],"collection":[{"href":"https:\/\/www.pradifir.com\/index.php?rest_route=\/wp\/v2\/pages"}],"about":[{"href":"https:\/\/www.pradifir.com\/index.php?rest_route=\/wp\/v2\/types\/page"}],"author":[{"embeddable":true,"href":"https:\/\/www.pradifir.com\/index.php?rest_route=\/wp\/v2\/users\/3"}],"replies":[{"embeddable":true,"href":"https:\/\/www.pradifir.com\/index.php?rest_route=%2Fwp%2Fv2%2Fcomments&post=343"}],"version-history":[{"count":12,"href":"https:\/\/www.pradifir.com\/index.php?rest_route=\/wp\/v2\/pages\/343\/revisions"}],"predecessor-version":[{"id":918,"href":"https:\/\/www.pradifir.com\/index.php?rest_route=\/wp\/v2\/pages\/343\/revisions\/918"}],"wp:attachment":[{"href":"https:\/\/www.pradifir.com\/index.php?rest_route=%2Fwp%2Fv2%2Fmedia&parent=343"}],"curies":[{"name":"wp","href":"https:\/\/api.w.org\/{rel}","templated":true}]}}