{"id":335,"date":"2024-10-26T10:09:43","date_gmt":"2024-10-26T10:09:43","guid":{"rendered":"https:\/\/prueba.pradifir.com\/?page_id=335"},"modified":"2025-04-25T16:22:34","modified_gmt":"2025-04-25T16:22:34","slug":"cereales-y-abonos","status":"publish","type":"page","link":"https:\/\/www.pradifir.com\/?page_id=335","title":{"rendered":"Cereales y Abonos"},"content":{"rendered":"<p>[et_pb_section fb_built=\u00bb1&#8243; admin_label=\u00bbPotada\u00bb _builder_version=\u00bb4.27.2&#8243; _module_preset=\u00bbdefault\u00bb use_background_color_gradient=\u00bbon\u00bb background_color_gradient_stops=\u00bbrgba(0,0,0,0.1) 0%|rgba(0,0,0,0.6) 100%\u00bb background_color_gradient_overlays_image=\u00bbon\u00bb background_image=\u00bbhttps:\/\/www.pradifir.com\/wp-content\/uploads\/2024\/10\/granja-agricola-con-silos-pradifir1920x1280.jpg\u00bb background_video_mp4=\u00bbhttps:\/\/www.pradifir.com\/wp-content\/uploads\/2025\/02\/video-cereales-02-pradifir1280x720.mp4&#8243; background_video_width=\u00bb1920&#8243; background_video_height=\u00bb1080&#8243; min_height_tablet=\u00bb\u00bb min_height_phone=\u00bb100vh\u00bb min_height_last_edited=\u00bbon|phone\u00bb height=\u00bb100vh\u00bb custom_padding=\u00bb30vh||30vh||true|false\u00bb animation_style=\u00bbfade\u00bb global_colors_info=\u00bb{}\u00bb][et_pb_row _builder_version=\u00bb4.21.0&#8243; _module_preset=\u00bbdefault\u00bb positioning=\u00bbabsolute\u00bb position_origin_a=\u00bbbottom_center\u00bb vertical_offset=\u00bb100px\u00bb global_colors_info=\u00bb{}\u00bb][et_pb_column type=\u00bb4_4&#8243; _builder_version=\u00bb4.21.0&#8243; _module_preset=\u00bbdefault\u00bb global_colors_info=\u00bb{}\u00bb][et_pb_text admin_label=\u00bbCereales y Abonos\u00bb _builder_version=\u00bb4.24.2&#8243; _module_preset=\u00bbdefault\u00bb header_font=\u00bb|600|||||||\u00bb header_text_color=\u00bb#FFFFFF\u00bb header_font_size=\u00bb74px\u00bb header_letter_spacing=\u00bb-2px\u00bb max_width=\u00bb100%\u00bb animation_style=\u00bbslide\u00bb animation_direction=\u00bbbottom\u00bb animation_delay=\u00bb1400ms\u00bb animation_intensity_slide=\u00bb5%\u00bb header_font_size_tablet=\u00bb54px\u00bb header_font_size_phone=\u00bb36px\u00bb header_font_size_last_edited=\u00bbon|phone\u00bb module_alignment_tablet=\u00bb\u00bb module_alignment_phone=\u00bb\u00bb module_alignment_last_edited=\u00bbon|phone\u00bb header_text_shadow_style=\u00bbpreset5&#8243; header_text_shadow_horizontal_length=\u00bb0.04em\u00bb header_text_shadow_vertical_length=\u00bb0.04em\u00bb global_colors_info=\u00bb{}\u00bb]<\/p>\n<h1>Cereales y abonos<\/h1>\n<p>[\/et_pb_text][\/et_pb_column][\/et_pb_row][\/et_pb_section][et_pb_section fb_built=\u00bb1&#8243; custom_padding_last_edited=\u00bbon|phone\u00bb _builder_version=\u00bb4.21.0&#8243; _module_preset=\u00bbdefault\u00bb background_color=\u00bb#FFFFFF\u00bb custom_padding=\u00bb100px||||false|false\u00bb custom_padding_tablet=\u00bb100px||||false|false\u00bb custom_padding_phone=\u00bb50px||||false|false\u00bb global_colors_info=\u00bb{}\u00bb][et_pb_row column_structure=\u00bb1_2,1_2&#8243; _builder_version=\u00bb4.21.0&#8243; _module_preset=\u00bbdefault\u00bb custom_padding=\u00bb||50px||false|false\u00bb global_colors_info=\u00bb{}\u00bb][et_pb_column type=\u00bb1_2&#8243; _builder_version=\u00bb4.21.0&#8243; _module_preset=\u00bbdefault\u00bb custom_padding_tablet=\u00bb\u00bb custom_padding_phone=\u00bb\u00bb custom_padding_last_edited=\u00bbon|phone\u00bb global_colors_info=\u00bb{}\u00bb][et_pb_text admin_label=\u00bbProductos\u00bb _builder_version=\u00bb4.24.2&#8243; _module_preset=\u00bbdefault\u00bb header_2_font=\u00bb|600|||||||\u00bb header_2_text_color=\u00bb#fe8512&#8243; header_2_font_size=\u00bb22px\u00bb header_2_line_height=\u00bb1.2em\u00bb header_3_font=\u00bbITC Avant Garde Std Demi|||on|||||\u00bb header_3_text_color=\u00bb#fe8512&#8243; header_3_font_size=\u00bb18px\u00bb custom_margin=\u00bb||10px||false|false\u00bb animation_style=\u00bbfade\u00bb animation_delay=\u00bb200ms\u00bb global_colors_info=\u00bb{}\u00bb]<\/p>\n<h2>Nuestros servicios<\/h2>\n<p>[\/et_pb_text][et_pb_text admin_label=\u00bbProfesionales del sector agr\u00edcola\u00bb _builder_version=\u00bb4.27.2&#8243; _module_preset=\u00bbdefault\u00bb header_2_text_color=\u00bb#fe8512&#8243; header_2_font_size=\u00bb40px\u00bb header_2_line_height=\u00bb1.2em\u00bb header_3_text_color=\u00bb#1a1a1a\u00bb header_3_font_size=\u00bb40px\u00bb header_3_letter_spacing=\u00bb-2px\u00bb header_3_line_height=\u00bb1.2em\u00bb custom_margin=\u00bb||10px||false|false\u00bb animation_style=\u00bbfade\u00bb animation_delay=\u00bb300ms\u00bb header_3_font_size_tablet=\u00bb40px\u00bb header_3_font_size_phone=\u00bb30px\u00bb header_3_font_size_last_edited=\u00bbon|desktop\u00bb global_colors_info=\u00bb{}\u00bb]<\/p>\n<h3>Llevamos tus proyectos agr\u00edcolas al siguiente nivel<\/h3>\n<p>[\/et_pb_text][\/et_pb_column][et_pb_column type=\u00bb1_2&#8243; _builder_version=\u00bb4.21.0&#8243; _module_preset=\u00bbdefault\u00bb custom_padding=\u00bb50px|||30px|false|false\u00bb custom_padding_tablet=\u00bb50px|||30px|false|false\u00bb custom_padding_phone=\u00bb0px|||0px|false|false\u00bb custom_padding_last_edited=\u00bbon|phone\u00bb global_colors_info=\u00bb{}\u00bb][et_pb_text _builder_version=\u00bb4.24.2&#8243; _module_preset=\u00bbdefault\u00bb text_text_color=\u00bb#1a1a1a\u00bb text_line_height=\u00bb1.3em\u00bb max_width=\u00bb78%\u00bb max_width_tablet=\u00bb78%\u00bb max_width_phone=\u00bb100%\u00bb max_width_last_edited=\u00bbon|phone\u00bb custom_padding=\u00bb||20px||false|false\u00bb custom_padding_tablet=\u00bb||20px||false|false\u00bb custom_padding_phone=\u00bb||20px||false|false\u00bb custom_padding_last_edited=\u00bbon|phone\u00bb animation_style=\u00bbfade\u00bb animation_delay=\u00bb400ms\u00bb global_colors_info=\u00bb{}\u00bb]<\/p>\n<p>Ofrecemos una amplia variedad de cereales, abonos y semillas de la m\u00e1s alta calidad, respaldados por los m\u00e1s altos est\u00e1ndares del mercado.<\/p>\n<p>[\/et_pb_text][\/et_pb_column][\/et_pb_row][et_pb_row _builder_version=\u00bb4.21.0&#8243; _module_preset=\u00bbdefault\u00bb global_colors_info=\u00bb{}\u00bb][et_pb_column type=\u00bb4_4&#8243; _builder_version=\u00bb4.21.0&#8243; _module_preset=\u00bbdefault\u00bb global_colors_info=\u00bb{}\u00bb][et_pb_image src=\u00bbhttps:\/\/www.pradifir.com\/wp-content\/uploads\/2023\/06\/cereales1.png\u00bb title_text=\u00bbcereales1&#8243; _builder_version=\u00bb4.21.0&#8243; _module_preset=\u00bbdefault\u00bb custom_padding=\u00bb||30px||false|false\u00bb animation_style=\u00bbfade\u00bb animation_delay=\u00bb600ms\u00bb global_colors_info=\u00bb{}\u00bb][\/et_pb_image][et_pb_text _builder_version=\u00bb4.27.4&#8243; _module_preset=\u00bbdefault\u00bb text_text_color=\u00bb#1a1a1a\u00bb text_line_height=\u00bb1.3em\u00bb text_orientation=\u00bbjustified\u00bb max_width=\u00bb63%\u00bb max_width_tablet=\u00bb63%\u00bb max_width_phone=\u00bb100%\u00bb max_width_last_edited=\u00bbon|phone\u00bb animation_style=\u00bbfade\u00bb animation_delay=\u00bb700ms\u00bb global_colors_info=\u00bb{}\u00bb]<\/p>\n<p>Nuestros profesionales le ofrecer\u00e1n informaci\u00f3n detallada de cada uno de nuestros productos, as\u00ed como un asesoramiento personalizado para mejorar la productividad y rentabilidad en sus cultivos, que le ayudar\u00e1n a una mejor conservaci\u00f3n de los recursos y a la protecci\u00f3n del medio ambiente.<\/p>\n<p>[\/et_pb_text][\/et_pb_column][\/et_pb_row][\/et_pb_section][et_pb_section fb_built=\u00bb1&#8243; _builder_version=\u00bb4.23.4&#8243; _module_preset=\u00bbdefault\u00bb background_color=\u00bb#F3F2ED\u00bb custom_padding=\u00bb80px||100px||false|false\u00bb global_colors_info=\u00bb{}\u00bb][et_pb_row _builder_version=\u00bb4.23.4&#8243; _module_preset=\u00bbdefault\u00bb custom_padding=\u00bb||40px||false|false\u00bb global_colors_info=\u00bb{}\u00bb][et_pb_column type=\u00bb4_4&#8243; _builder_version=\u00bb4.23.4&#8243; _module_preset=\u00bbdefault\u00bb global_colors_info=\u00bb{}\u00bb][et_pb_text admin_label=\u00bbComercializaci\u00f3n y almacenamiento de cereales y abonos\u00bb _builder_version=\u00bb4.27.2&#8243; _module_preset=\u00bbdefault\u00bb header_2_text_color=\u00bb#000000&#8243; header_2_font_size=\u00bb40px\u00bb header_2_letter_spacing=\u00bb-2px\u00bb header_2_line_height=\u00bb1.2em\u00bb header_3_text_color=\u00bb#1a1a1a\u00bb header_3_font_size=\u00bb40px\u00bb header_3_letter_spacing=\u00bb-2px\u00bb header_3_line_height=\u00bb1.2em\u00bb max_width=\u00bb65%\u00bb custom_margin=\u00bb||10px||false|false\u00bb animation_style=\u00bbfade\u00bb animation_delay=\u00bb300ms\u00bb header_2_font_size_tablet=\u00bb40px\u00bb header_2_font_size_phone=\u00bb30px\u00bb header_2_font_size_last_edited=\u00bbon|desktop\u00bb header_3_font_size_tablet=\u00bb40px\u00bb header_3_font_size_phone=\u00bb30px\u00bb header_3_font_size_last_edited=\u00bbon|phone\u00bb global_colors_info=\u00bb{}\u00bb]<\/p>\n<h2>Comercializaci\u00f3n y almacenamiento de cereales y abonos<\/h2>\n<p>[\/et_pb_text][\/et_pb_column][\/et_pb_row][et_pb_row column_structure=\u00bb1_4,1_4,1_4,1_4&#8243; use_custom_gutter=\u00bbon\u00bb gutter_width=\u00bb2&#8243; make_equal=\u00bbon\u00bb _builder_version=\u00bb4.23.4&#8243; _module_preset=\u00bbdefault\u00bb custom_padding=\u00bb||60px||false|false\u00bb global_colors_info=\u00bb{}\u00bb][et_pb_column type=\u00bb1_4&#8243; _builder_version=\u00bb4.23.4&#8243; _module_preset=\u00bbdefault\u00bb animation_style=\u00bbfade\u00bb animation_delay=\u00bb300ms\u00bb global_colors_info=\u00bb{}\u00bb][et_pb_blurb title=\u00bbComercializaci\u00f3n\u00bb image=\u00bbhttps:\/\/www.pradifir.com\/wp-content\/uploads\/2025\/04\/FOTO-COMERCIALIZACION-1-scaled.jpg\u00bb alt=\u00bbborrar-cereales(600&#215;800)\u00bb admin_label=\u00bbComercializaci\u00f3n\u00bb _builder_version=\u00bb4.27.4&#8243; _module_preset=\u00bbdefault\u00bb header_level=\u00bbh3&#8243; header_font=\u00bb|600|||||||\u00bb header_font_size=\u00bb22px\u00bb header_line_height=\u00bb1.1em\u00bb body_line_height=\u00bb1.5em\u00bb text_orientation=\u00bbjustified\u00bb custom_css_free_form=\u00bb.et_pb_main_blurb_image img {||border-radius: 20px;||}||||.et_pb_module_header {||border-radius: 20px;||}||\u00bb custom_css_blurb_title=\u00bbpadding-bottom:15px;\u00bb global_colors_info=\u00bb{}\u00bb]<\/p>\n<p>Comercializaci\u00f3n de cereales (trigo, avena, cebada, ma\u00edz, guisantes, habas, pipas de girasol&#8230;), fertilizantes (tanto s\u00f3lidos como l\u00edquidos), semillas, materia prima para pienso y alimentaci\u00f3n animal tanto a granel como ensacado.<\/p>\n<p>[\/et_pb_blurb][\/et_pb_column][et_pb_column type=\u00bb1_4&#8243; _builder_version=\u00bb4.23.4&#8243; _module_preset=\u00bbdefault\u00bb animation_style=\u00bbfade\u00bb animation_delay=\u00bb400ms\u00bb global_colors_info=\u00bb{}\u00bb][et_pb_blurb title=\u00bbComercio Internacional\u00bb image=\u00bbhttps:\/\/www.pradifir.com\/wp-content\/uploads\/2025\/04\/Foto_ajustada_600x800.jpg\u00bb admin_label=\u00bbComercio Internacional\u00bb _builder_version=\u00bb4.27.4&#8243; _module_preset=\u00bbdefault\u00bb header_level=\u00bbh3&#8243; header_font=\u00bb|600|||||||\u00bb header_font_size=\u00bb22px\u00bb header_line_height=\u00bb1.1em\u00bb body_line_height=\u00bb1.5em\u00bb custom_css_free_form=\u00bb.et_pb_main_blurb_image img {||border-radius: 20px;||}||||.et_pb_module_header {||border-radius: 20px;||}||\u00bb custom_css_blurb_title=\u00bbpadding-bottom:15px;\u00bb global_colors_info=\u00bb{}\u00bb]<\/p>\n<p>Exportamos e importamos  cereales, abonos y leguminosos.<\/p>\n<p>[\/et_pb_blurb][\/et_pb_column][et_pb_column type=\u00bb1_4&#8243; _builder_version=\u00bb4.23.4&#8243; _module_preset=\u00bbdefault\u00bb animation_style=\u00bbfade\u00bb animation_delay=\u00bb500ms\u00bb global_colors_info=\u00bb{}\u00bb][et_pb_blurb title=\u00bbLog\u00edstica y transporte\u00bb image=\u00bbhttps:\/\/www.pradifir.com\/wp-content\/uploads\/2024\/01\/borrar-camion600x800.jpg\u00bb admin_label=\u00bbLog\u00edstica y transporte: \u00bb _builder_version=\u00bb4.27.4&#8243; _module_preset=\u00bbdefault\u00bb header_level=\u00bbh3&#8243; header_font=\u00bb|600|||||||\u00bb header_font_size=\u00bb22px\u00bb header_line_height=\u00bb1.1em\u00bb body_line_height=\u00bb1.5em\u00bb text_orientation=\u00bbjustified\u00bb custom_css_free_form=\u00bb.et_pb_main_blurb_image img {||border-radius: 20px;||}||||.et_pb_module_header {||border-radius: 20px;||}||\u00bb custom_css_blurb_title=\u00bbpadding-bottom:15px;\u00bb global_colors_info=\u00bb{}\u00bb]<\/p>\n<p>Disponemos de nuestra propia flota de camiones para graneles, ensacados, cami\u00f3n cinta, etc, adapt\u00e1ndonos a cualquier servicio que requieran nuestros clientes.<\/p>\n<p>[\/et_pb_blurb][\/et_pb_column][et_pb_column type=\u00bb1_4&#8243; _builder_version=\u00bb4.23.4&#8243; _module_preset=\u00bbdefault\u00bb animation_style=\u00bbfade\u00bb animation_delay=\u00bb600ms\u00bb global_colors_info=\u00bb{}\u00bb][et_pb_blurb title=\u00bbAlmacenamiento\u00bb image=\u00bbhttps:\/\/www.pradifir.com\/wp-content\/uploads\/2025\/04\/Foto_almacen_600x800.jpg\u00bb admin_label=\u00bbLog\u00edstica y transporte: \u00bb _builder_version=\u00bb4.27.4&#8243; _module_preset=\u00bbdefault\u00bb header_level=\u00bbh3&#8243; header_font=\u00bb|600|||||||\u00bb header_font_size=\u00bb22px\u00bb header_line_height=\u00bb1.1em\u00bb body_line_height=\u00bb1.5em\u00bb text_orientation=\u00bbjustified\u00bb custom_css_free_form=\u00bb.et_pb_main_blurb_image img {||border-radius: 20px;||}||||.et_pb_module_header {||border-radius: 20px;||}||\u00bb custom_css_blurb_title=\u00bbpadding-bottom:15px;\u00bb global_colors_info=\u00bb{}\u00bb]<\/p>\n<p>Capacidad de almacenaje de m\u00e1s de 40.000 TM situadas estrat\u00e9gicamente a pocos minutos del puerto de Sevilla y en la Vega del Guadalquivir.<\/p>\n<p>[\/et_pb_blurb][\/et_pb_column][\/et_pb_row][\/et_pb_section]<\/p>\n","protected":false},"excerpt":{"rendered":"<p>Cereales y abonosNuestros serviciosLlevamos tus proyectos agr\u00edcolas al siguiente nivelOfrecemos una amplia variedad de cereales, abonos y semillas de la m\u00e1s alta calidad, respaldados por los m\u00e1s altos est\u00e1ndares del mercado.Nuestros profesionales le ofrecer\u00e1n informaci\u00f3n detallada de cada uno de nuestros productos, as\u00ed como un asesoramiento personalizado para mejorar la productividad y rentabilidad en sus [&hellip;]<\/p>\n","protected":false},"author":3,"featured_media":0,"parent":0,"menu_order":0,"comment_status":"closed","ping_status":"closed","template":"","meta":{"_et_pb_use_builder":"on","_et_pb_old_content":"","_et_gb_content_width":"","footnotes":""},"class_list":["post-335","page","type-page","status-publish","hentry"],"yoast_head":"<!-- This site is optimized with the Yoast SEO plugin v25.1 - https:\/\/yoast.com\/wordpress\/plugins\/seo\/ -->\n<title>Cereales y Abonos | Pradifir<\/title>\n<meta name=\"robots\" content=\"index, follow, max-snippet:-1, max-image-preview:large, max-video-preview:-1\" \/>\n<link rel=\"canonical\" href=\"https:\/\/www.pradifir.com\/?page_id=335\" \/>\n<meta property=\"og:locale\" content=\"es_ES\" \/>\n<meta property=\"og:type\" content=\"article\" \/>\n<meta property=\"og:title\" content=\"Cereales y Abonos | Pradifir\" \/>\n<meta property=\"og:description\" content=\"Cereales y abonosNuestros serviciosLlevamos tus proyectos agr\u00edcolas al siguiente nivelOfrecemos una amplia variedad de cereales, abonos y semillas de la m\u00e1s alta calidad, respaldados por los m\u00e1s altos est\u00e1ndares del mercado.Nuestros profesionales le ofrecer\u00e1n informaci\u00f3n detallada de cada uno de nuestros productos, as\u00ed como un asesoramiento personalizado para mejorar la productividad y rentabilidad en sus [&hellip;]\" \/>\n<meta property=\"og:url\" content=\"https:\/\/www.pradifir.com\/?page_id=335\" \/>\n<meta property=\"og:site_name\" content=\"Pradifir\" \/>\n<meta property=\"article:modified_time\" content=\"2025-04-25T16:22:34+00:00\" \/>\n<meta name=\"twitter:card\" content=\"summary_large_image\" \/>\n<meta name=\"twitter:label1\" content=\"Tiempo de lectura\" \/>\n\t<meta name=\"twitter:data1\" content=\"2 minutos\" \/>\n<script type=\"application\/ld+json\" class=\"yoast-schema-graph\">{\"@context\":\"https:\/\/schema.org\",\"@graph\":[{\"@type\":\"WebPage\",\"@id\":\"https:\/\/www.pradifir.com\/?page_id=335\",\"url\":\"https:\/\/www.pradifir.com\/?page_id=335\",\"name\":\"Cereales y Abonos | Pradifir\",\"isPartOf\":{\"@id\":\"https:\/\/www.pradifir.com\/#website\"},\"datePublished\":\"2024-10-26T10:09:43+00:00\",\"dateModified\":\"2025-04-25T16:22:34+00:00\",\"breadcrumb\":{\"@id\":\"https:\/\/www.pradifir.com\/?page_id=335#breadcrumb\"},\"inLanguage\":\"es\",\"potentialAction\":[{\"@type\":\"ReadAction\",\"target\":[\"https:\/\/www.pradifir.com\/?page_id=335\"]}]},{\"@type\":\"BreadcrumbList\",\"@id\":\"https:\/\/www.pradifir.com\/?page_id=335#breadcrumb\",\"itemListElement\":[{\"@type\":\"ListItem\",\"position\":1,\"name\":\"Portada\",\"item\":\"https:\/\/www.pradifir.com\/\"},{\"@type\":\"ListItem\",\"position\":2,\"name\":\"Cereales y Abonos\"}]},{\"@type\":\"WebSite\",\"@id\":\"https:\/\/www.pradifir.com\/#website\",\"url\":\"https:\/\/www.pradifir.com\/\",\"name\":\"Pradifir\",\"description\":\"Comercializamos todo tipo de cereales, abonos y semillas, y contamos con un gabinete de consultor\u00eda e ingenier\u00eda para el asesoramiento, gesti\u00f3n y direcci\u00f3n de fincas.\",\"alternateName\":\"Pradifir\",\"potentialAction\":[{\"@type\":\"SearchAction\",\"target\":{\"@type\":\"EntryPoint\",\"urlTemplate\":\"https:\/\/www.pradifir.com\/?s={search_term_string}\"},\"query-input\":{\"@type\":\"PropertyValueSpecification\",\"valueRequired\":true,\"valueName\":\"search_term_string\"}}],\"inLanguage\":\"es\"}]}<\/script>\n<!-- \/ Yoast SEO plugin. -->","yoast_head_json":{"title":"Cereales y Abonos | Pradifir","robots":{"index":"index","follow":"follow","max-snippet":"max-snippet:-1","max-image-preview":"max-image-preview:large","max-video-preview":"max-video-preview:-1"},"canonical":"https:\/\/www.pradifir.com\/?page_id=335","og_locale":"es_ES","og_type":"article","og_title":"Cereales y Abonos | Pradifir","og_description":"Cereales y abonosNuestros serviciosLlevamos tus proyectos agr\u00edcolas al siguiente nivelOfrecemos una amplia variedad de cereales, abonos y semillas de la m\u00e1s alta calidad, respaldados por los m\u00e1s altos est\u00e1ndares del mercado.Nuestros profesionales le ofrecer\u00e1n informaci\u00f3n detallada de cada uno de nuestros productos, as\u00ed como un asesoramiento personalizado para mejorar la productividad y rentabilidad en sus [&hellip;]","og_url":"https:\/\/www.pradifir.com\/?page_id=335","og_site_name":"Pradifir","article_modified_time":"2025-04-25T16:22:34+00:00","twitter_card":"summary_large_image","twitter_misc":{"Tiempo de lectura":"2 minutos"},"schema":{"@context":"https:\/\/schema.org","@graph":[{"@type":"WebPage","@id":"https:\/\/www.pradifir.com\/?page_id=335","url":"https:\/\/www.pradifir.com\/?page_id=335","name":"Cereales y Abonos | Pradifir","isPartOf":{"@id":"https:\/\/www.pradifir.com\/#website"},"datePublished":"2024-10-26T10:09:43+00:00","dateModified":"2025-04-25T16:22:34+00:00","breadcrumb":{"@id":"https:\/\/www.pradifir.com\/?page_id=335#breadcrumb"},"inLanguage":"es","potentialAction":[{"@type":"ReadAction","target":["https:\/\/www.pradifir.com\/?page_id=335"]}]},{"@type":"BreadcrumbList","@id":"https:\/\/www.pradifir.com\/?page_id=335#breadcrumb","itemListElement":[{"@type":"ListItem","position":1,"name":"Portada","item":"https:\/\/www.pradifir.com\/"},{"@type":"ListItem","position":2,"name":"Cereales y Abonos"}]},{"@type":"WebSite","@id":"https:\/\/www.pradifir.com\/#website","url":"https:\/\/www.pradifir.com\/","name":"Pradifir","description":"Comercializamos todo tipo de cereales, abonos y semillas, y contamos con un gabinete de consultor\u00eda e ingenier\u00eda para el asesoramiento, gesti\u00f3n y direcci\u00f3n de fincas.","alternateName":"Pradifir","potentialAction":[{"@type":"SearchAction","target":{"@type":"EntryPoint","urlTemplate":"https:\/\/www.pradifir.com\/?s={search_term_string}"},"query-input":{"@type":"PropertyValueSpecification","valueRequired":true,"valueName":"search_term_string"}}],"inLanguage":"es"}]}},"_links":{"self":[{"href":"https:\/\/www.pradifir.com\/index.php?rest_route=\/wp\/v2\/pages\/335","targetHints":{"allow":["GET"]}}],"collection":[{"href":"https:\/\/www.pradifir.com\/index.php?rest_route=\/wp\/v2\/pages"}],"about":[{"href":"https:\/\/www.pradifir.com\/index.php?rest_route=\/wp\/v2\/types\/page"}],"author":[{"embeddable":true,"href":"https:\/\/www.pradifir.com\/index.php?rest_route=\/wp\/v2\/users\/3"}],"replies":[{"embeddable":true,"href":"https:\/\/www.pradifir.com\/index.php?rest_route=%2Fwp%2Fv2%2Fcomments&post=335"}],"version-history":[{"count":28,"href":"https:\/\/www.pradifir.com\/index.php?rest_route=\/wp\/v2\/pages\/335\/revisions"}],"predecessor-version":[{"id":925,"href":"https:\/\/www.pradifir.com\/index.php?rest_route=\/wp\/v2\/pages\/335\/revisions\/925"}],"wp:attachment":[{"href":"https:\/\/www.pradifir.com\/index.php?rest_route=%2Fwp%2Fv2%2Fmedia&parent=335"}],"curies":[{"name":"wp","href":"https:\/\/api.w.org\/{rel}","templated":true}]}}